hat are the prime factors of 3259?
3259
List the prime factors of 58076.
2, 14519
List the prime factors of 2671.
2671
List the prime factors of 26033.
7, 3719
List the prime factors of 19773.
3, 13
List the prime factors of 143796.
2, 3, 23, 521
List the prime factors of 51510.
2, 3, 5, 17, 101
What are the prime factors of 2495?
5, 499
List the prime factors of 59234.
2, 7, 4231
What are the prime factors of 338?
2, 13
What are the prime factors of 64069?
79, 811
What are the prime factors of 29038?
2, 14519
List the prime factors of 3841.
23, 167
List the prime factors of 13677.
3, 47, 97
What are the prime factors of 50640?
2, 3, 5, 211
List the prime factors of 4176.
2, 3, 29
What are the prime factors of 99859?
99859
List the prime factors of 21728.
2, 7, 97
What are the prime factors of 6333?
3, 2111
What are the prime factors of 3587?
17, 211
What are the prime factors of 7969?
13, 613
List the prime factors of 51209.
41, 1249
What are the prime factors of 2679?
3, 19, 47
List the prime factors of 2623.
43, 61
List the prime factors of 69367.
71, 977
List the prime factors of 2066.
2, 1033
List the prime factors of 48766.
2, 37, 659
What are the prime factors of 67019?
29, 2311
What are the prime factors of 9743?
9743
List the prime factors of 2841.
3, 947
List the prime factors of 6705.
3, 5, 149
What are the prime factors of 141?
3, 47
What are the prime factors of 33714?
2, 3, 1873
List the prime factors of 10392.
2, 3, 433
What are the prime factors of 930?
2, 3, 5, 31
What are the prime factors of 16556?
2, 4139
What are the prime factors of 2299?
11, 19
List the prime factors of 10740.
2, 3, 5, 179
What are the prime factors of 3251?
3251
List the prime factors of 81435.
3, 5, 61, 89
List the prime factors of 4470.
2, 3, 5, 149
What are the prime factors of 1632?
2, 3, 17
What are the prime factors of 538?
2, 269
What are the prime factors of 22024?
2, 2753
What are the prime factors of 627?
3, 11, 19
List the prime factors of 118838.
2, 59419
List the prime factors of 12621.
3, 7, 601
List the prime factors of 19385.
5, 3877
List the prime factors of 712.
2, 89
What are the prime factors of 63959?
7, 9137
What are the prime factors of 650?
2, 5, 13
List the prime factors of 22540.
2, 5, 7, 23
What are the prime factors of 735?
3, 5, 7
What are the prime factors of 1234?
2, 617
What are the prime factors of 69509?
11, 71, 89
What are the prime factors of 715?
5, 11, 13
List the prime factors of 2749.
2749
What are the prime factors of 1362?
2, 3, 227
List the prime factors of 1122.
2, 3, 11, 17
What are the prime factors of 5433?
3, 1811
What are the prime factors of 2461?
23, 107
List the prime factors of 2376.
2, 3, 11
What are the prime factors of 4252?
2, 1063
List the prime factors of 1614.
2, 3, 269
What are the prime factors of 877?
877
List the prime factors of 648.
2, 3
What are the prime factors of 3564?
2, 3, 11
List the prime factors of 13327.
13327
What are the prime factors of 6506?
2, 3253
What are the prime factors of 1105?
5, 13, 17
List the prime factors of 38775.
3, 5, 11, 47
What are the prime factors of 1938?
2, 3, 17, 19
List the prime factors of 56943.
3, 19, 37
List the prime factors of 1099.
7, 157
List the prime factors of 141636.
2, 3, 11, 29, 37
List the prime factors of 8571.
3, 2857
What are the prime factors of 9731?
37, 263
What are the prime factors of 7117?
11, 647
What are the prime factors of 4080?
2, 3, 5, 17
What are the prime factors of 8794?
2, 4397
What are the prime factors of 2561?
13, 197
What are the prime factors of 782?
2, 17, 23
List the prime factors of 99080.
2, 5, 2477
List the prime factors of 26306.
2, 7, 1879
What are the prime factors of 16445?
5, 11, 13, 23
What are the prime factors of 591?
3, 197
What are the prime factors of 1043?
7, 149
What are the prime factors of 1123?
1123
What are the prime factors of 2497?
11, 227
List the prime factors of 2701.
37, 73
List the prime factors of 1573.
11, 13
List the prime factors of 3113.
11, 283
What are the prime factors of 2926?
2, 7, 11, 19
List the prime factors of 2396.
2, 599
List the prime factors of 12699.
3, 17, 83
List the prime factors of 7034.
2, 3517
List the prime factors of 2797.
2797
What are the prime factors of 21726?
2, 3, 17, 71
List the prime factors of 1120.
2, 5, 7
List the prime factors of 30200.
2, 5, 151
What are the prime factors of 13315?
5, 2663
What are the prime factors of 12277?
12277
List the prime factors of 16659.
3, 617
What are the prime factors of 22078?
2, 7, 19, 83
List the prime factors of 58669.
13, 4513
What are the prime factors of 8316?
2, 3, 7, 11
List the prime factors of 3503.
31, 113
List the prime factors of 6935.
5, 19, 73
What are the prime factors of 1755?
3, 5, 13
List the prime factors of 25952.
2, 811
List the prime factors of 2632.
2, 7, 47
List the prime factors of 3672.
2, 3, 17
What are the prime factors of 5460?
2, 3, 5, 7, 13
What are the prime factors of 19250?
2, 5, 7, 11
List the prime factors of 1913.
1913
List the prime factors of 3720.
2, 3, 5, 31
List the prime factors of 76991.
76991
List the prime factors of 16501.
29, 569
What are the prime factors of 33648?
2, 3, 701
List the prime factors of 2158.
2, 13, 83
What are the prime factors of 23744?
2, 7, 53
List the prime factors of 78061.
251, 311
What are the prime factors of 61135?
5, 12227
List the prime factors of 6003.
3, 23, 29
What are the prime factors of 1742?
2, 13, 67
What are the prime factors of 432?
2, 3
What are the prime factors of 5538?
2, 3, 13, 71
What are the prime factors of 4837?
7, 691
What are the prime factors of 109?
109
List the prime factors of 441.
3, 7
List the prime factors of 4152.
2, 3, 173
List the prime factors of 13526.
2, 6763
List the prime factors of 6938.
2, 3469
List the prime factors of 10949.
10949
List the prime factors of 201.
3, 67
What are the prime factors of 11107?
29, 383
What are the prime factors of 9350?
2, 5, 11, 17
List the prime factors of 54378.
2, 3, 19, 53
List the prime factors of 3336.
2, 3, 139
List the prime factors of 1551.
3, 11, 47
List the prime factors of 633.
3, 211
What are the prime factors of 102739?
7, 13, 1129
List the prime factors of 59373.
3, 733
What are the prime factors of 3169?
3169
What are the prime factors of 4289?
4289
What are the prime factors of 4769?
19, 251
What are the prime factors of 5357?
11, 487
What are the prime factors of 2272?
2, 71
List the prime factors of 3848.
2, 13, 37
List the prime factors of 486.
2, 3
What are the prime factors of 2813?
29, 97
What are the prime factors of 723?
3, 241
What are the prime factors of 16669?
79, 211
What are the prime factors of 54735?
3, 5, 41, 89
What are the prime factors of 1850?
2, 5, 37
What are the prime factors of 8300?
2, 5, 83
What are the prime factors of 8596?
2, 7, 307
List the prime factors of 41964.
2, 3, 13, 269
List the prime factors of 13462.
2, 53, 127
What are the prime factors of 20184?
2, 3, 29
List the prime factors of 1232.
2, 7, 11
List the prime factors of 75936.
2, 3, 7, 113
List the prime factors of 59066.
2, 7, 4219
What are the prime factors of 9135?
3, 5, 7, 29
List the prime factors of 3097.
19, 163
List the prime factors of 6205.
5, 17, 73
What are the prime factors of 82788?
2, 3, 6899
What are the prime factors of 6982?
2, 3491
What are the prime factors of 2418?
2, 3, 13, 31
What are the prime factors of 2559?
3, 853
What are the prime factors of 438?
2, 3, 73
List the prime factors of 2684.
2, 11, 61
List the prime factors of 88025.
5, 7, 503
What are the prime factors of 9294?
2, 3, 1549
List the prime factors of 65775.
3, 5, 877
What are the prime factors of 6300?
2, 3, 5, 7
List the prime factors of 47638.
2, 23819
What are the prime factors of 1386?
2, 3, 7, 11
What are the prime factors of 30183?
3, 10061
What are the prime factors of 7431?
3, 2477
What are the prime factors of 2183?
37, 59
What are the prime factors of 2840?
2, 5, 71
List the prime factors of 31.
31
List the prime factors of 12508.
2, 53, 59
List the prime factors of 920.
2, 5, 23
What are the prime factors of 4422?
2, 3, 11, 67
List the prime factors of 2412.
2, 3, 67
What are the prime factors of 6950?
2, 5, 139
List the prime factors of 591.
3, 197
What are the